. Suppose 0 = -x*h - 3*z + 683, 3*z - 2 = 1. What are the prime factors of h?
2, 5, 17
Let i(q) = -q**3 + 10*q**2 - 7*q - 20. Let d be i(7). Let x = d - 58. What are the prime factors of (118/(-4))/(x/8 + -3)?
59
Let h be -6 + (54/6 - (-2)/1). Suppose -h*l = -5, -737 = -u - l - 0*l. What are the prime factors of u?
2, 23
Suppose 20*p + 67541 - 378301 = 0. List the prime factors of p.
2, 17, 457
Let g = -3643 + 10172. What are the prime factors of g?
6529
Let f = 1 + 3. Suppose -10 - 10 = -f*b. What are the prime factors of b?
5
Let y be (858 - (-8 - -9)) + 0. Suppose y + 108 = k + 2*t, 3*t - 1926 = -2*k. List the prime factors of k.
3, 11, 29
Let g be 23/1*(90 + -35). Suppose l + 4*l - g = -5*a, -a - 1007 = -4*l. What are the prime factors of l?
2, 3, 7
Let l = -31 + 38. Let d(h) = 12*h - 99. Let a(v) = -11*v + 100. Let o(i) = l*a(i) + 6*d(i). What are the prime factors of o(0)?
2, 53
Let o(k) = 2*k + 4. Let j be o(3). Suppose 7825 + 205 = j*y. What are the prime factors of y?
11, 73
What are the prime factors of (30/(-195) - (99232/26)/(-4)) + -2?
2, 7, 17
Let n = 42 + -38. Suppose n*t - 1071 - 49 = 0. List the prime factors of t.
2, 5, 7
What are the prime factors of (-406)/261 + 108383/9?
12041
Suppose -4*q - 36 = -4*b, 2*b = -2*q + 47 - 9. List the prime factors of (-2898)/(-90)*(b - 4).
2, 7, 23
Let t = 1206 - -42905. List the prime factors of t.
44111
Let u(f) = 282*f - 4232. What are the prime factors of u(37)?
2, 7, 443
Let j(l) = -133*l + 24. Let f be ((-1)/(3/(-2)))/((-14)/21). What are the prime factors of j(f)?
157
Suppose 251955 = 43*l - 255875. What are the prime factors of l?
2, 5, 1181
Let d(c) be the second derivative of c**5/20 - 7*c**4/12 + 7*c**3/3 - 12*c**2 - c - 2. What are the prime factors of d(8)?
2, 19
Suppose 2*u = -3*p + 1390 - 383, 3*u = -4*p + 1512. Suppose u = w - 614. What are the prime factors of w?
2, 3, 11, 17
Let j = 66585 + -32959. List the prime factors of j.
2, 17, 23, 43
Let w be (42/(-35))/(3/(-510)). Suppose -7*d + 5*d = w. Let c = 182 + d. List the prime factors of c.
2, 5
Let q be -1 + (6 - 7)*5. List the prime factors of 471 + (5 - q/(-2)) - 0.
11, 43
Suppose b = 5*v + 1971 + 4415, 0 = 2*b - 4*v - 12778. What are the prime factors of b?
7, 11, 83
Let o be 3 + (-35)/10*958. Let y = o + 4807. What are the prime factors of y?
31, 47
Let k(r) be the second derivative of 7*r**4/12 - 5*r**3/3 + 19*r**2/2 + 4*r + 3. List the prime factors of k(8).
3, 43
Let t be (256/40 - 6)*-30. What are the prime factors of 50*(-44)/10*t/3?
2, 5, 11
Suppose 5*a - i = 8090, -a + 1618 = -14*i + 17*i. List the prime factors of a.
2, 809
Let r = 493 - 728. Let v = 410 + r. Suppose -3*n = -5*c - 92, -5*n + v = -0*c - 4*c. What are the prime factors of n?
3, 13
Suppose -2*y + 6*y - 2474 = 3*i, 626 = y + 3*i. Let j = y - 362. What are the prime factors of j?
2, 3, 43
Let a = -321 - -467. Let o = -5836 - -5841. Suppose -o*m + 34 + a = 0. What are the prime factors of m?
2, 3
Suppose -2314 - 3142 = -11*v. Let p = -275 + v. List the prime factors of p.
13, 17
Let o = 17015 + -11626. Suppose -4*u - 5*z = -4301, 0 = -5*u - 13*z + 11*z + o. What are the prime factors of u?
13, 83
Let s be 10/85 + 2/(-17). Let t(p) = 3*p - p + p + 130. What are the prime factors of t(s)?
2, 5, 13
Suppose -4*g + 3*h = -93171, 3*g + 25912 = h + 95789. List the prime factors of g.
2, 3, 647
Let q(h) = h**3 - h**2 + 4. Let t be q(-9). List the prime factors of (4 - t)*(-6)/(-5).
2, 3
Let m be 292/(-219)*6/4. List the prime factors of (13/((-26)/1884))/(-4 - m).
3, 157
Suppose 0 = -320*c + 315*c - 4*a + 112823, 5*c - 112841 = 2*a. What are the prime factors of c?
22567
Let t(j) = 2641*j - 6780. What are the prime factors of t(13)?
59, 467
Suppose 0 = -4*s - 4*i + 44888, 3*s - 3*i - 33642 = -0*i. Suppose 19*d + 2820 = s. List the prime factors of d.
2, 13, 17
Suppose -14 - 6 = -g + 5*b, -49 = -3*g + 4*b. Let k be -3*5/g - -4. Suppose -5*d + 4*d + 56 = t, -180 = -k*t + d. List the prime factors of t.
59
Suppose -5*z - 4*l + 208166 = 42924, 2*l + 165224 = 5*z. List the prime factors of z.
2, 13, 31, 41
Let c(f) = f**3 + 3*f**2 - 5*f + 2. Let y be c(1). What are the prime factors of 107716/224 + y/8 + 0?
13, 37
Suppose b + 80 + 97 = 0. Let n = 829 + b. List the prime factors of n.
2, 163
Let p(n) = -109*n + 63. Let w(j) = 52*j - 31. Let q(m) = 6*p(m) + 13*w(m). List the prime factors of q(4).
3, 7
List the prime factors of (-17583)/(-10) - 177/590.
2, 3, 293
Suppose 5*h - 9 = 11. Let d(k) = 5*k - 17. Let l be d(h). Suppose -l*v + 3*r + 15 = v, 3*v - 5*r - 14 = 0. List the prime factors of v.
3
Let n(q) = 8*q - 22. Let m be n(3). Suppose -5*p = -4*y + 1463, -m*y = 2*y + p - 1469. List the prime factors of y.
367
Suppose 1216 + 514 = m. Suppose -3*i - m = -5*q, -3*q - 4*i + 2*i = -1038. What are the prime factors of q?
2, 173
What are the prime factors of 22*18/(-45)*(17685/12)/(-9)?
11, 131
Let q = 25118 + -9430. List the prime factors of q.
2, 37, 53
Suppose 0 = 4*a - 20, 0 = w + 3*a + 3 - 1. Let b(g) = 11*g + 11. Let m(h) = -34*h - 33. Let d(z) = w*b(z) - 6*m(z). List the prime factors of d(4).
79
Suppose -4*d + 40 = 4*o, 4*d + 75 = 4*o + d. Suppose 5*w = 4*k + 6798, 18*k - o*k = 4*w - 5439. What are the prime factors of w?
2, 3, 227
Let b(c) be the second derivative of -19*c**3/6 + 113*c**2/2 - 63*c. List the prime factors of b(-15).
2, 199
Let a(t) = -3*t**3 - 12*t**2 + 53*t - 43. What are the prime factors of a(-20)?
18097
Let g = -21674 - -34725. What are the prime factors of g?
31, 421
Let m(k) = 641*k**2 - 15*k - 114. What are the prime factors of m(-10)?
2, 8017
Let x(o) = -633*o**3 - 4*o - 4. Let b = -14 + 13. List the prime factors of x(b).
3, 211
Let q(v) = -16*v - 12. Let f be q(-5). Suppose 2*l + 4*w - f = -l, -5*l + 4*w = -60. Let u = 19 + l. What are the prime factors of u?
5, 7
Let p be (-2)/(-1) - (-14 + 9). List the prime factors of (-764)/(-6)*(68/8 - p).
191
Let a(s) = 20494*s - 104. Let o be a(-4). What are the prime factors of o/(-84) - (2 - 1)/7?
977
Let w(v) = v**3 + 22*v**2 + 40*v - 25. Let c be w(-20). What are the prime factors of 2/5 + -11 + (-16890)/c?
5, 7, 19
Let z be (8/(-6))/(20/(-570)). Suppose -5*k + 48 = 3*y, -3*y + 2*k = y - z. Suppose -y*d + 937 = -75. List the prime factors of d.
2, 23
Suppose -3*j + 4*z = -13338, 173*j = 169*j - z + 17765. What are the prime factors of j?
2, 2221
Suppose -5*h = -10, 2*h - 5697 = 5*j - 28153. What are the prime factors of j?
2, 1123
Let q(k) = -k**2 - 28*k + 32. Let b(t) = -2*t**2 + 25*t - 10. Let x be b(13). Let m be q(x). Suppose 54 = -3*f + m. List the prime factors of f.
31
List the prime factors of -47 + 44 + (5312 - 3).
2, 7, 379
Let u(v) = v**2 - 9*v - 24. Suppose 35*g = 33*g + 24. List the prime factors of u(g).
2, 3
Suppose 4*o - 28*o + 1136311 = 187567. List the prime factors of o.
3, 13177
Let v(y) = y**2 + 4*y - 6. Let n be v(-6). Suppose -8*k = -n*k - 6. Suppose -2*l = -0*s - k*s + 66, 88 = 4*s + l. List the prime factors of s.
2, 11
Suppose -4*n + 4573 = t, 9*n - t = 8*n + 1142. What are the prime factors of n?
3, 127
Let q(x) = 772*x + 22. Let t be q(-1). List the prime factors of 5 - 2 - -1 - t.
2, 13, 29
Suppose -2*c + 9 = 17. Let p be (-1 - -26) + (20/c - -3). Suppose x = p + 72. What are the prime factors of x?
5, 19
Suppose 198590 = 5*q - 2*b, 22*q + 4*b = 17*q + 198560. List the prime factors of q.
2, 9929
Suppose 5*z - 17 = 4*u, 2*u = 5*u - 6. Let q(c) = c**2 - 6*c + 9. Let m be q(z). Suppose -m*l - 2*l + 780 = 0. List the prime factors of l.
2, 5, 13
Suppose -4*z - 2 = -14. Suppose 0 = z*b - 531 + 42. Suppose -46 + b = 3*d. What are the prime factors of d?
3, 13
Let q(u) = -u**2 + 7*u + 2. Let v be q(6). Let d = -637 - -640. Suppose v*s - d*s = 405. List the prime factors of s.
3
Let h = 491 - 486. Let q = 8 + -5. Suppose 4*x - 161 = -5*n + 5, -h*n - q*x + 167 = 0. List the prime factors of n.
2, 17
Let r = 854 - 1040. Let t(v) = -98*v + 4. Let d be t(-3). Let q = d + r. List the prime factors of q.
2, 7
Let k(x) = x**3 - 3*x**2 - 3*x + 4. Let s be k(1). What are the prime factors of s/(17784/(-3556) + 5) - -1?
2, 5, 89
Suppose 251777 = 4*f - s, 4*s - 314716 = 21*f - 26*f. List the prime factors of f.
2, 7, 281
Let i(r) = 3*r**2 - 14*r + 19. Let b be i(4). Supp